{"id":1078,"date":"2023-10-14T07:49:36","date_gmt":"2023-10-14T05:49:36","guid":{"rendered":"https:\/\/www.lacalabria.net\/blog\/?page_id=1078"},"modified":"2023-10-24T13:05:40","modified_gmt":"2023-10-24T11:05:40","slug":"la-voce-del-cuore-ancora-versi","status":"publish","type":"page","link":"https:\/\/www.lacalabria.net\/blog\/?page_id=1078","title":{"rendered":"LA VOCE DEL CUORE  &#8220;ANCORA VERSI&#8221;"},"content":{"rendered":"\n<p class=\"wp-block-paragraph\">RINGRAZIAMENTO<\/p>\n\n\n\n<p class=\"wp-block-paragraph\">&nbsp;&nbsp;&nbsp; Ringrazio vivamente tutti coloro che hanno voluto che pubblicassi ne 50\u00b0 compleanno i mie versi&#8230; &#8220;Sgorgati dal cuore&#8221;.<\/p>\n\n\n\n<p class=\"wp-block-paragraph\">&nbsp;&nbsp;&nbsp; Particolarmente viva \u00e8 la riconoscenza: al Prof. Francesco Farag\u00f2 che ha curato la prefazione, al dott. Vincenzo Tarantino che ha relazionato sul mio modesto lavoro, al mio Primario dott. Mario Apollini e al dott. Vittorio Focarelli per i loro preziosi suggerimenti.<\/p>\n\n\n\n<p class=\"wp-block-paragraph\">&nbsp;&nbsp;&nbsp; infine un grazie all&#8217;amico Alfio Riccelli che ha predisposto il servizio fotografico ed a Tonino Rotundo che ha dattiloscritto il lavoro.<\/p>\n\n\n\n<p class=\"wp-block-paragraph\"><strong>S.C.<\/strong><\/p>\n\n\n\n<p class=\"wp-block-paragraph\"><\/p>\n\n\n\n<h2 class=\"wp-block-heading\">&nbsp;PRESENTAZIONE<\/h2>\n\n\n\n<p class=\"wp-block-paragraph\">&nbsp;&nbsp;&nbsp; Saverio Capicotto \u00e8 un pentonese estroso e dinamico, un romantico d&#8217;altri tempi dal cuore e dall&#8217;animo appassionato.<\/p>\n\n\n\n<p class=\"wp-block-paragraph\">&nbsp;&nbsp;&nbsp; I tempi oscuri che attraversiamo non hanno distrutto in lui la carica di ottimismo, non hanno spento sentimenti nobili e antichi che egli vorrebbe veder rivivere, consapevole che soltanto da un ritorno delle buone tradizioni di un tempo le vicende degli uomini potrebbero volgersi in maniera pi\u00f9 accettabile.<\/p>\n\n\n\n<p class=\"wp-block-paragraph\">&nbsp;&nbsp;&nbsp; Nato nel 1939 da una modesta famigli nella quale erano vivi e operanti i sentimenti di onest\u00e0 e laboriosit\u00e0, il Capicotto visse nella sua fanciullezza i tragici momenti della seconda guerra mondiale che non mancarono di turbare anche la tranquilla vita di Pentone.&nbsp;&nbsp;<\/p>\n\n\n\n<p class=\"wp-block-paragraph\">&nbsp;&nbsp;&nbsp; Quando il nostro Saverio ama ricordare quegli anni lontani, racconta con compiacenza la sua disinvolta partecipazione, gi\u00e0 a soli quattro anni, alle scenette teatrali che si organizzavano nella scuola materna e poi in quella elementare: indizi del suo carattere libero e spigliato che ha mantenuto fino ad oggi.<\/p>\n\n\n\n<p class=\"wp-block-paragraph\">&nbsp;&nbsp;&nbsp; Nel 1968, dopo varie esperienze di lavoro, fu assunto quale infermiere all&#8217;Ospedale &#8220;Pegliese&#8221; di Catanzaro dove svolse e svolge il suo lavoro con alto senso di umanit\u00e0 e con ammirevole amore tanto da conquistarsi la stima dei dirigenti e il riconoscente affetto dei malati.<\/p>\n\n\n\n<p class=\"wp-block-paragraph\">&nbsp;&nbsp;&nbsp; Dal matrimonio con Franca Pugliese nel 1970, ebbe tre bambine, Maria Concetta, Guglielmina e Paola.<\/p>\n\n\n\n<p class=\"wp-block-paragraph\">&nbsp;&nbsp;&nbsp; Dal 1970 ebbe varie cariche pubbliche che gli disimpegn\u00f2 con scrupolo e dedizione assoluta, sempre col pensiero al bene del popolo e al miglioramento morale e materiale della sua Pentone.<\/p>\n\n\n\n<p class=\"wp-block-paragraph\">&nbsp;&nbsp;&nbsp; Fu per vari anni Priore dell&#8217;antica e venerabile Arciconfraternita del SS. Rosario: al suo lustro e decoro profuse un opera intelligente e ricca di frutti.<\/p>\n\n\n\n<p class=\"wp-block-paragraph\">&nbsp;&nbsp;&nbsp; Sempre primo nel rivendicare glorie e ricordi pentonesi, il nostro Saverio mantiene viva la tradizione del Presepio che in ogni Natale allestisce in casa sua con la stessa passione devota e con lo stesso gusto che vi metteva il padre, iniziatore di questa cara e bella tradizione. Per questa sua attivit\u00e0 Saverio ha, dai suoi compaesani, ogni anno affettuosi riconoscimenti e unanimi consensi.<\/p>\n\n\n\n<p class=\"wp-block-paragraph\">&nbsp;&nbsp;&nbsp; Nel Natale del 1981 gli amici di Pentone offrirono al nostro Saverio una coppa ricordo con questa motivazione: &lt;&lt;Per Saverio il Presepe \u00e8 una tradizione. Inizi\u00f2 il padre 50 anni fa, oggi lui continua. Gli amici &#8211; Natale 1981 &#8211; &gt;&gt;.<\/p>\n\n\n\n<p class=\"wp-block-paragraph\">&nbsp;&nbsp;&nbsp; Recentemente il Capicotto si \u00e8 fatto promotore di due importanti iniziative delle quali c&#8217;\u00e8 ancora l&#8217;eco in Pentone: ha collaborato attivamente col prof. Farag\u00f2 per la compilazione di un interessante lavoro dal titolo: &#8220;Pentone: fatti, uomini, tradizioni&#8221; ed \u00e8 poi diventato autore in proprio pubblicando una monografia dal titolo: &#8220;Pentone. Cronache, poesie, proverbi, e modi di dire&#8221;.<\/p>\n\n\n\n<p class=\"wp-block-paragraph\">&nbsp;&nbsp;&nbsp; Questi due lavori, la collaborazione al primo e la compilazione del secondo dimostrano&nbsp; con evidenza l&#8217;affetto che il Capicotto mette nel rievocare e mantenere vive le tradizioni pentonesi.<\/p>\n\n\n\n<p class=\"wp-block-paragraph\">&nbsp;&nbsp;&nbsp; La professoressa Maria Perricelli, presentando al pubblico il secondo lavoro, ebbe a dire con giustezza di osservazione: &lt;&lt;Rimpiangere l&#8217;autore quell&#8217;antica comunit\u00e0 che viveva in modo pi\u00f9 arcaico ma, secondo lui, con pi\u00f9 sincerit\u00e0 e profondit\u00e0 di rappori umani. Io pnso che, al di l\u00e0 dei meriti intrinseci del libretto, che certo non pu\u00f2 essere definito storico ma una gradevole raccolta di cose passate, il pregio&nbsp; maggiore \u00e8 quello di riportare alla memoria dei giovani il tempo che fu e di far rivivere alle persone pi\u00f9 anziane un tuffo nel loro passato.&gt;&gt;<\/p>\n\n\n\n<p class=\"wp-block-paragraph\">&nbsp;&nbsp;&nbsp; Altri relatori nella cerimonia della presentazione del libro, il 15 dicembre dello scorso anno, seppero cogliere con verit\u00e0 i motivi profondi che hanno animato il nostro Saverio nella stesura di pagine che resteranno testimonianza di affetto per Pentone e la sua gente.<\/p>\n\n\n\n<p class=\"wp-block-paragraph\">&nbsp;&nbsp;&nbsp; Delineata la figura e l&#8217;attivit\u00e0 del Capicotto ci resta di dire qualche parola sui versi che qui si presentano.<\/p>\n\n\n\n<p class=\"wp-block-paragraph\">&nbsp;&nbsp;&nbsp; Saverio \u00e8 un poeta estemporaneo che si ispira, ancora una volta, ai sentimenti e ai ricordi.<\/p>\n\n\n\n<p class=\"wp-block-paragraph\">&nbsp;&nbsp; In &#8220;Pentone nella notte&#8221; c&#8217;\u00e8 l&#8217;estetica ammirazione del paese addormentato: il poeta veglia nella pace notturna che tutto avvolge si sente ancora di pi\u00f9 legato ai luoghi, alle strade, alle cose della sua Pentone: in &#8220;angelo bianco&#8221; c&#8217;\u00e8 una visione di sogno che dilegua lasciando nell&#8217;animo tanta nostalgia; simpatici versi quelli che dedica &#8220;A Paola, la mia biondina&#8221;; commoventi quelli dal titolo &#8220;Preghiera&#8221; rivolti alla madre morta e al ricordo di affetti ormai dileguati e lontani.<\/p>\n\n\n\n<p class=\"wp-block-paragraph\">&nbsp;&nbsp;&nbsp; Una pagina di simpatia rievocazione \u00e8 quella in dialetto sulla domenica della Modonna di Termine nella quale Capicotto si fa minuzioso e partecipe descrittore della festa di Termine tanto cara al cuore dei Pentonesi.<\/p>\n\n\n\n<p class=\"wp-block-paragraph\">&nbsp;&nbsp;&nbsp; Al nostro Saverio \u00e8 toccato un ambito riconoscimento: alcune sue composizioni sono state selezionate ed inserite nel volume: la poesia &#8220;Calabrese contemporanea&#8221; a cura del prof. Cesare Mul\u00e8 e pubblicato dall&#8217;editore Ursini di Catanzaro.<\/p>\n\n\n\n<p class=\"wp-block-paragraph\">&nbsp;&nbsp;&nbsp; Chi conosce Saverio Capicotto legger\u00e0 con piacere questi versi i quali, se mancano dei pregi artistici hanno il dono della sincerit\u00e0 e della spontaniet\u00e0.<\/p>\n\n\n\n<p class=\"wp-block-paragraph\"><strong>FRANCESCO FARAGO&#8217;<\/strong><\/p>\n\n\n\n<h2 class=\"wp-block-heading\">UNA VOCE NOSTALGICA<\/h2>\n\n\n\n<p class=\"wp-block-paragraph\">&nbsp;&nbsp;&nbsp; Ritorna ancora, in questa raccolta di versi, quel desiderio che ha ispirato altri componimenti dell&#8217;amico Capicotto: la sua insaziabile voglia di &#8220;cantare&#8221;, con animo sempre commosso e sincero e con semplicit\u00e0 di stile, sentimenti con i quali Egli sembra aver ormai stabilito un legame costante: il ricordo struggente delle giovinezza, intensa come et\u00e0 della &#8220;purezza&#8221; (&#8220;Profumo di donna&#8221;), ovvero la memoria di persone e cose di un tempo lontano &#8220;A mamma e pap\u00e0&#8221;, &#8220;Natale&#8221;, &#8220;L&#8217;amico scomparso&#8221;, e, ancora la esaltazione della stessa Natura, che, nel Capicotto, non resta inanimata, bens\u00ec sembra caricarsi di significati esistenziali &#8220;Pettirosso&#8221;, &#8220;Il Castagno&#8221;, &#8220;Noi siamo&#8221;..<\/p>\n\n\n\n<p class=\"wp-block-paragraph\">&nbsp;&nbsp;&nbsp; C&#8217;\u00e8 un sottile tormento che spinge l&#8217;Autore a ricercare una propria identit\u00e0 col passato e con tutto ci\u00f2 di &#8220;vero&#8221; esso nasconde.<\/p>\n\n\n\n<p class=\"wp-block-paragraph\">&nbsp;&nbsp;&nbsp; Ma, anche quando la sua mente si rivolge al presente, il tormento riappare, perch\u00e8 l&#8217;Autore immagina il presente gi\u00e0 passato ed allora, inevitabilmente, il suo canto veste di malinconia!<\/p>\n\n\n\n<p class=\"wp-block-paragraph\">&nbsp;&nbsp;&nbsp; Ora proprio questo apparente &#8220;pessimismo&#8221;, questa presa di coscienza della caducit\u00e0 delle cose, questa incorreggibile &#8220;nostalgia&#8221; sono essi stessi &#8220;sentimento&#8221;, che l&#8217;Autore non pretende di vincolare all&#8217;estetica della parola, bens\u00ec innalza a &#8220;Pensiero&#8221;, &#8220;Speranza&#8221;, &#8220;Amore&#8221;!<\/p>\n\n\n\n<p class=\"wp-block-paragraph\">&nbsp;&nbsp;&nbsp; Concetti e sentimenti che solo un animo particolarmente sensibile e partecipe, tutto teso alla ricerca di ci\u00f2 che v&#8217;\u00e8 di pi\u00f9 autentico nella vita, poteva cosi sinceramente nobilitare!<\/p>\n\n\n\n<p class=\"wp-block-paragraph\">VINCENZO MARINO<\/p>\n\n\n\n<p class=\"wp-block-paragraph\"><\/p>\n\n\n\n<p class=\"wp-block-paragraph\"><em>Il lettore non esiger\u00e0 dal compositore di tale opera alcuna pretesa letteraria, essendo questi un autodidatta che intende offrire ad amici e parenti tutti poveri versi, sgorgati dal suo cuore generoso, affinch\u00e9 non venga dimenticato lungo il percorso sugli aspri sentieri di questo mondo.<\/em><\/p>\n\n\n\n<p class=\"wp-block-paragraph\"><strong>COMPONIMENTI<\/strong><\/p>\n\n\n\n<p class=\"wp-block-paragraph\">Nuovi componimenti, sono stati ispirati all&#8217;Autore della &#8220;Voce del cuore&#8221; nell&#8217;arco del tempo 1988 &#8211; 2002.<\/p>\n\n\n\n<p class=\"wp-block-paragraph\">Essi sono:<\/p>\n\n\n\n<p class=\"wp-block-paragraph\">&#8230;La natura<\/p>\n\n\n\n<p class=\"wp-block-paragraph\">&#8230;Il paese<\/p>\n\n\n\n<p class=\"wp-block-paragraph\">&#8230;L&#8217;amore<\/p>\n\n\n\n<p class=\"wp-block-paragraph\">&#8230;L&#8217;uomo<\/p>\n\n\n\n<p class=\"wp-block-paragraph\">&#8230;La famiglia<\/p>\n\n\n\n<p class=\"wp-block-paragraph\">Passiamo brevemente a descriverli:<\/p>\n\n\n\n<p class=\"wp-block-paragraph\"><strong>Il primo;<\/strong><\/p>\n\n\n\n<p class=\"wp-block-paragraph\">La natura devastata dalla calamit\u00e0 naturali, dalle mani dell&#8217;uomo, dalla trasformazione delle quattro stagioni.<\/p>\n\n\n\n<p class=\"wp-block-paragraph\"><strong>Il secondo;<\/strong><\/p>\n\n\n\n<p class=\"wp-block-paragraph\">Il paese ha perso lo splendore di allora e si attende un dolce risveglio.<\/p>\n\n\n\n<p class=\"wp-block-paragraph\"><strong>Il terzo;<\/strong><\/p>\n\n\n\n<p class=\"wp-block-paragraph\">L&#8217;amore, non pi\u00f9 sentimenti, romanticismo. musicalit\u00e0.<\/p>\n\n\n\n<p class=\"wp-block-paragraph\"><strong>Il quarto;<\/strong><\/p>\n\n\n\n<p class=\"wp-block-paragraph\">L&#8217;uomo ha perso i valori della sua originalit\u00e0, delle sue funzioni.<\/p>\n\n\n\n<p class=\"wp-block-paragraph\"><strong>Il quinto;<\/strong><\/p>\n\n\n\n<p class=\"wp-block-paragraph\">La famiglia, lacerazione continua senza possibilit\u00e0 di riappacificazione nell&#8217;ambito del focolaio domestico.<\/p>\n\n\n\n<div class=\"wp-block-columns is-layout-flex wp-container-core-columns-is-layout-7387b849 wp-block-columns-is-layout-flex\">\n<div class=\"wp-block-column is-layout-flow wp-block-column-is-layout-flow\" style=\"flex-basis:200px\"><\/div>\n\n\n\n<div class=\"wp-block-column is-layout-flow wp-block-column-is-layout-flow\" style=\"flex-basis:200px\"><\/div>\n<\/div>\n","protected":false},"excerpt":{"rendered":"<p>RINGRAZIAMENTO &nbsp;&nbsp;&nbsp; Ringrazio vivamente tutti coloro che hanno voluto che<\/p>\n","protected":false},"author":1,"featured_media":0,"parent":0,"menu_order":0,"comment_status":"closed","ping_status":"closed","template":"","meta":{"footnotes":""},"class_list":["post-1078","page","type-page","status-publish","hentry"],"_links":{"self":[{"href":"https:\/\/www.lacalabria.net\/blog\/index.php?rest_route=\/wp\/v2\/pages\/1078","targetHints":{"allow":["GET"]}}],"collection":[{"href":"https:\/\/www.lacalabria.net\/blog\/index.php?rest_route=\/wp\/v2\/pages"}],"about":[{"href":"https:\/\/www.lacalabria.net\/blog\/index.php?rest_route=\/wp\/v2\/types\/page"}],"author":[{"embeddable":true,"href":"https:\/\/www.lacalabria.net\/blog\/index.php?rest_route=\/wp\/v2\/users\/1"}],"replies":[{"embeddable":true,"href":"https:\/\/www.lacalabria.net\/blog\/index.php?rest_route=%2Fwp%2Fv2%2Fcomments&post=1078"}],"version-history":[{"count":3,"href":"https:\/\/www.lacalabria.net\/blog\/index.php?rest_route=\/wp\/v2\/pages\/1078\/revisions"}],"predecessor-version":[{"id":1306,"href":"https:\/\/www.lacalabria.net\/blog\/index.php?rest_route=\/wp\/v2\/pages\/1078\/revisions\/1306"}],"wp:attachment":[{"href":"https:\/\/www.lacalabria.net\/blog\/index.php?rest_route=%2Fwp%2Fv2%2Fmedia&parent=1078"}],"curies":[{"name":"wp","href":"https:\/\/api.w.org\/{rel}","templated":true}]}}

<p class="wp-block-paragraph">RINGRAZIAMENTO</p>



<p class="wp-block-paragraph">&nbsp;&nbsp;&nbsp; Ringrazio vivamente tutti coloro che hanno voluto che pubblicassi ne 50° compleanno i mie versi&#8230; &#8220;Sgorgati dal cuore&#8221;.</p>



<p class="wp-block-paragraph">&nbsp;&nbsp;&nbsp; Particolarmente viva è la riconoscenza: al Prof. Francesco Faragò che ha curato la prefazione, al dott. Vincenzo Tarantino che ha relazionato sul mio modesto lavoro, al mio Primario dott. Mario Apollini e al dott. Vittorio Focarelli per i loro preziosi suggerimenti.</p>



<p class="wp-block-paragraph">&nbsp;&nbsp;&nbsp; infine un grazie all&#8217;amico Alfio Riccelli che ha predisposto il servizio fotografico ed a Tonino Rotundo che ha dattiloscritto il lavoro.</p>



<p class="wp-block-paragraph"><strong>S.C.</strong></p>



<p class="wp-block-paragraph"></p>



<h2 class="wp-block-heading">&nbsp;PRESENTAZIONE</h2>



<p class="wp-block-paragraph">&nbsp;&nbsp;&nbsp; Saverio Capicotto è un pentonese estroso e dinamico, un romantico d&#8217;altri tempi dal cuore e dall&#8217;animo appassionato.</p>



<p class="wp-block-paragraph">&nbsp;&nbsp;&nbsp; I tempi oscuri che attraversiamo non hanno distrutto in lui la carica di ottimismo, non hanno spento sentimenti nobili e antichi che egli vorrebbe veder rivivere, consapevole che soltanto da un ritorno delle buone tradizioni di un tempo le vicende degli uomini potrebbero volgersi in maniera più accettabile.</p>



<p class="wp-block-paragraph">&nbsp;&nbsp;&nbsp; Nato nel 1939 da una modesta famigli nella quale erano vivi e operanti i sentimenti di onestà e laboriosità, il Capicotto visse nella sua fanciullezza i tragici momenti della seconda guerra mondiale che non mancarono di turbare anche la tranquilla vita di Pentone.&nbsp;&nbsp;</p>



<p class="wp-block-paragraph">&nbsp;&nbsp;&nbsp; Quando il nostro Saverio ama ricordare quegli anni lontani, racconta con compiacenza la sua disinvolta partecipazione, già a soli quattro anni, alle scenette teatrali che si organizzavano nella scuola materna e poi in quella elementare: indizi del suo carattere libero e spigliato che ha mantenuto fino ad oggi.</p>



<p class="wp-block-paragraph">&nbsp;&nbsp;&nbsp; Nel 1968, dopo varie esperienze di lavoro, fu assunto quale infermiere all&#8217;Ospedale &#8220;Pegliese&#8221; di Catanzaro dove svolse e svolge il suo lavoro con alto senso di umanità e con ammirevole amore tanto da conquistarsi la stima dei dirigenti e il riconoscente affetto dei malati.</p>



<p class="wp-block-paragraph">&nbsp;&nbsp;&nbsp; Dal matrimonio con Franca Pugliese nel 1970, ebbe tre bambine, Maria Concetta, Guglielmina e Paola.</p>



<p class="wp-block-paragraph">&nbsp;&nbsp;&nbsp; Dal 1970 ebbe varie cariche pubbliche che gli disimpegnò con scrupolo e dedizione assoluta, sempre col pensiero al bene del popolo e al miglioramento morale e materiale della sua Pentone.</p>



<p class="wp-block-paragraph">&nbsp;&nbsp;&nbsp; Fu per vari anni Priore dell&#8217;antica e venerabile Arciconfraternita del SS. Rosario: al suo lustro e decoro profuse un opera intelligente e ricca di frutti.</p>



<p class="wp-block-paragraph">&nbsp;&nbsp;&nbsp; Sempre primo nel rivendicare glorie e ricordi pentonesi, il nostro Saverio mantiene viva la tradizione del Presepio che in ogni Natale allestisce in casa sua con la stessa passione devota e con lo stesso gusto che vi metteva il padre, iniziatore di questa cara e bella tradizione. Per questa sua attività Saverio ha, dai suoi compaesani, ogni anno affettuosi riconoscimenti e unanimi consensi.</p>



<p class="wp-block-paragraph">&nbsp;&nbsp;&nbsp; Nel Natale del 1981 gli amici di Pentone offrirono al nostro Saverio una coppa ricordo con questa motivazione: &lt;&lt;Per Saverio il Presepe è una tradizione. Iniziò il padre 50 anni fa, oggi lui continua. Gli amici &#8211; Natale 1981 &#8211; &gt;&gt;.</p>



<p class="wp-block-paragraph">&nbsp;&nbsp;&nbsp; Recentemente il Capicotto si è fatto promotore di due importanti iniziative delle quali c&#8217;è ancora l&#8217;eco in Pentone: ha collaborato attivamente col prof. Faragò per la compilazione di un interessante lavoro dal titolo: &#8220;Pentone: fatti, uomini, tradizioni&#8221; ed è poi diventato autore in proprio pubblicando una monografia dal titolo: &#8220;Pentone. Cronache, poesie, proverbi, e modi di dire&#8221;.</p>



<p class="wp-block-paragraph">&nbsp;&nbsp;&nbsp; Questi due lavori, la collaborazione al primo e la compilazione del secondo dimostrano&nbsp; con evidenza l&#8217;affetto che il Capicotto mette nel rievocare e mantenere vive le tradizioni pentonesi.</p>



<p class="wp-block-paragraph">&nbsp;&nbsp;&nbsp; La professoressa Maria Perricelli, presentando al pubblico il secondo lavoro, ebbe a dire con giustezza di osservazione: &lt;&lt;Rimpiangere l&#8217;autore quell&#8217;antica comunità che viveva in modo più arcaico ma, secondo lui, con più sincerità e profondità di rappori umani. Io pnso che, al di là dei meriti intrinseci del libretto, che certo non può essere definito storico ma una gradevole raccolta di cose passate, il pregio&nbsp; maggiore è quello di riportare alla memoria dei giovani il tempo che fu e di far rivivere alle persone più anziane un tuffo nel loro passato.&gt;&gt;</p>



<p class="wp-block-paragraph">&nbsp;&nbsp;&nbsp; Altri relatori nella cerimonia della presentazione del libro, il 15 dicembre dello scorso anno, seppero cogliere con verità i motivi profondi che hanno animato il nostro Saverio nella stesura di pagine che resteranno testimonianza di affetto per Pentone e la sua gente.</p>



<p class="wp-block-paragraph">&nbsp;&nbsp;&nbsp; Delineata la figura e l&#8217;attività del Capicotto ci resta di dire qualche parola sui versi che qui si presentano.</p>



<p class="wp-block-paragraph">&nbsp;&nbsp;&nbsp; Saverio è un poeta estemporaneo che si ispira, ancora una volta, ai sentimenti e ai ricordi.</p>



<p class="wp-block-paragraph">&nbsp;&nbsp; In &#8220;Pentone nella notte&#8221; c&#8217;è l&#8217;estetica ammirazione del paese addormentato: il poeta veglia nella pace notturna che tutto avvolge si sente ancora di più legato ai luoghi, alle strade, alle cose della sua Pentone: in &#8220;angelo bianco&#8221; c&#8217;è una visione di sogno che dilegua lasciando nell&#8217;animo tanta nostalgia; simpatici versi quelli che dedica &#8220;A Paola, la mia biondina&#8221;; commoventi quelli dal titolo &#8220;Preghiera&#8221; rivolti alla madre morta e al ricordo di affetti ormai dileguati e lontani.</p>



<p class="wp-block-paragraph">&nbsp;&nbsp;&nbsp; Una pagina di simpatia rievocazione è quella in dialetto sulla domenica della Modonna di Termine nella quale Capicotto si fa minuzioso e partecipe descrittore della festa di Termine tanto cara al cuore dei Pentonesi.</p>



<p class="wp-block-paragraph">&nbsp;&nbsp;&nbsp; Al nostro Saverio è toccato un ambito riconoscimento: alcune sue composizioni sono state selezionate ed inserite nel volume: la poesia &#8220;Calabrese contemporanea&#8221; a cura del prof. Cesare Mulè e pubblicato dall&#8217;editore Ursini di Catanzaro.</p>



<p class="wp-block-paragraph">&nbsp;&nbsp;&nbsp; Chi conosce Saverio Capicotto leggerà con piacere questi versi i quali, se mancano dei pregi artistici hanno il dono della sincerità e della spontanietà.</p>



<p class="wp-block-paragraph"><strong>FRANCESCO FARAGO&#8217;</strong></p>



<h2 class="wp-block-heading">UNA VOCE NOSTALGICA</h2>



<p class="wp-block-paragraph">&nbsp;&nbsp;&nbsp; Ritorna ancora, in questa raccolta di versi, quel desiderio che ha ispirato altri componimenti dell&#8217;amico Capicotto: la sua insaziabile voglia di &#8220;cantare&#8221;, con animo sempre commosso e sincero e con semplicità di stile, sentimenti con i quali Egli sembra aver ormai stabilito un legame costante: il ricordo struggente delle giovinezza, intensa come età della &#8220;purezza&#8221; (&#8220;Profumo di donna&#8221;), ovvero la memoria di persone e cose di un tempo lontano &#8220;A mamma e papà&#8221;, &#8220;Natale&#8221;, &#8220;L&#8217;amico scomparso&#8221;, e, ancora la esaltazione della stessa Natura, che, nel Capicotto, non resta inanimata, bensì sembra caricarsi di significati esistenziali &#8220;Pettirosso&#8221;, &#8220;Il Castagno&#8221;, &#8220;Noi siamo&#8221;..</p>



<p class="wp-block-paragraph">&nbsp;&nbsp;&nbsp; C&#8217;è un sottile tormento che spinge l&#8217;Autore a ricercare una propria identità col passato e con tutto ciò di &#8220;vero&#8221; esso nasconde.</p>



<p class="wp-block-paragraph">&nbsp;&nbsp;&nbsp; Ma, anche quando la sua mente si rivolge al presente, il tormento riappare, perchè l&#8217;Autore immagina il presente già passato ed allora, inevitabilmente, il suo canto veste di malinconia!</p>



<p class="wp-block-paragraph">&nbsp;&nbsp;&nbsp; Ora proprio questo apparente &#8220;pessimismo&#8221;, questa presa di coscienza della caducità delle cose, questa incorreggibile &#8220;nostalgia&#8221; sono essi stessi &#8220;sentimento&#8221;, che l&#8217;Autore non pretende di vincolare all&#8217;estetica della parola, bensì innalza a &#8220;Pensiero&#8221;, &#8220;Speranza&#8221;, &#8220;Amore&#8221;!</p>



<p class="wp-block-paragraph">&nbsp;&nbsp;&nbsp; Concetti e sentimenti che solo un animo particolarmente sensibile e partecipe, tutto teso alla ricerca di ciò che v&#8217;è di più autentico nella vita, poteva cosi sinceramente nobilitare!</p>



<p class="wp-block-paragraph">VINCENZO MARINO</p>



<p class="wp-block-paragraph"></p>



<p class="wp-block-paragraph"><em>Il lettore non esigerà dal compositore di tale opera alcuna pretesa letteraria, essendo questi un autodidatta che intende offrire ad amici e parenti tutti poveri versi, sgorgati dal suo cuore generoso, affinché non venga dimenticato lungo il percorso sugli aspri sentieri di questo mondo.</em></p>



<p class="wp-block-paragraph"><strong>COMPONIMENTI</strong></p>



<p class="wp-block-paragraph">Nuovi componimenti, sono stati ispirati all&#8217;Autore della &#8220;Voce del cuore&#8221; nell&#8217;arco del tempo 1988 &#8211; 2002.</p>



<p class="wp-block-paragraph">Essi sono:</p>



<p class="wp-block-paragraph">&#8230;La natura</p>



<p class="wp-block-paragraph">&#8230;Il paese</p>



<p class="wp-block-paragraph">&#8230;L&#8217;amore</p>



<p class="wp-block-paragraph">&#8230;L&#8217;uomo</p>



<p class="wp-block-paragraph">&#8230;La famiglia</p>



<p class="wp-block-paragraph">Passiamo brevemente a descriverli:</p>



<p class="wp-block-paragraph"><strong>Il primo;</strong></p>



<p class="wp-block-paragraph">La natura devastata dalla calamità naturali, dalle mani dell&#8217;uomo, dalla trasformazione delle quattro stagioni.</p>



<p class="wp-block-paragraph"><strong>Il secondo;</strong></p>



<p class="wp-block-paragraph">Il paese ha perso lo splendore di allora e si attende un dolce risveglio.</p>



<p class="wp-block-paragraph"><strong>Il terzo;</strong></p>



<p class="wp-block-paragraph">L&#8217;amore, non più sentimenti, romanticismo. musicalità.</p>



<p class="wp-block-paragraph"><strong>Il quarto;</strong></p>



<p class="wp-block-paragraph">L&#8217;uomo ha perso i valori della sua originalità, delle sue funzioni.</p>



<p class="wp-block-paragraph"><strong>Il quinto;</strong></p>



<p class="wp-block-paragraph">La famiglia, lacerazione continua senza possibilità di riappacificazione nell&#8217;ambito del focolaio domestico.</p>



<div class="wp-block-columns is-layout-flex wp-container-core-columns-is-layout-7387b849 wp-block-columns-is-layout-flex">
<div class="wp-block-column is-layout-flow wp-block-column-is-layout-flow" style="flex-basis:200px"></div>



<div class="wp-block-column is-layout-flow wp-block-column-is-layout-flow" style="flex-basis:200px"></div>
</div>
