{"id":5362,"date":"2026-08-20T09:44:17","date_gmt":"2026-08-20T07:44:17","guid":{"rendered":"https:\/\/www.lacalabria.net\/blog\/?page_id=5362"},"modified":"2026-08-21T10:05:17","modified_gmt":"2026-08-21T08:05:17","slug":"servizio-civile-ambientale-pentone","status":"publish","type":"page","link":"https:\/\/www.lacalabria.net\/blog\/?page_id=5362","title":{"rendered":"Servizio Civile Ambientale Pentone"},"content":{"rendered":"<p>Benvenuti sulla nostra pagina!<\/p>\n<p style=\"text-align: justify;\">Siamo i volontari del Servizio Civile Ambientale di Pentone per l&#8217;anno 2025\/2026. Attraverso questa pagina potrete scoprire il nostro lavoro e le nostre attivit\u00e0 legate alla salvaguardia ambientale, alla legalit\u00e0, alla solidariet\u00e0 e all&#8217;informazione pubblica<\/p>\n<p>&nbsp;<\/p>\n<p>Siamo Alessia, Anna Rita, Domenica, Sara e Vincenzo e vi diamo il benvenuto<\/p>\n\n\n<p class=\"wp-block-paragraph\"><\/p>\n\n\n\n<div class=\"wp-block-query is-layout-flow wp-block-query-is-layout-flow\"><ul class=\"wp-block-post-template is-layout-flow wp-block-post-template-is-layout-flow\"><li class=\"wp-block-post post-5403 post type-post status-publish format-standard has-post-thumbnail hentry category-servizio-civile-pentone\">\n\n<div class=\"wp-block-columns are-vertically-aligned-center is-layout-flex wp-container-core-columns-is-layout-7387b849 wp-block-columns-is-layout-flex\">\n<div class=\"wp-block-column is-vertically-aligned-center is-layout-flow wp-block-column-is-layout-flow\" style=\"flex-basis:25%\"><figure class=\"wp-block-post-featured-image\"><a href=\"https:\/\/www.lacalabria.net\/blog\/?p=5403\" target=\"_self\" ><img loading=\"lazy\" width=\"1557\" height=\"1600\" src=\"https:\/\/www.lacalabria.net\/blog\/wp-content\/uploads\/2026\/08\/WhatsApp-Image-2026-08-24-at-09.51.52.jpeg\" class=\"attachment-post-thumbnail size-post-thumbnail wp-post-image\" alt=\"Campo estivo 2026\" style=\"object-fit:cover;\" srcset=\"https:\/\/www.lacalabria.net\/blog\/wp-content\/uploads\/2026\/08\/WhatsApp-Image-2026-08-24-at-09.51.52.jpeg 1557w, https:\/\/www.lacalabria.net\/blog\/wp-content\/uploads\/2026\/08\/WhatsApp-Image-2026-08-24-at-09.51.52-292x300.jpeg 292w, https:\/\/www.lacalabria.net\/blog\/wp-content\/uploads\/2026\/08\/WhatsApp-Image-2026-08-24-at-09.51.52-996x1024.jpeg 996w, https:\/\/www.lacalabria.net\/blog\/wp-content\/uploads\/2026\/08\/WhatsApp-Image-2026-08-24-at-09.51.52-768x789.jpeg 768w, https:\/\/www.lacalabria.net\/blog\/wp-content\/uploads\/2026\/08\/WhatsApp-Image-2026-08-24-at-09.51.52-1495x1536.jpeg 1495w, https:\/\/www.lacalabria.net\/blog\/wp-content\/uploads\/2026\/08\/WhatsApp-Image-2026-08-24-at-09.51.52-200x206.jpeg 200w, https:\/\/www.lacalabria.net\/blog\/wp-content\/uploads\/2026\/08\/WhatsApp-Image-2026-08-24-at-09.51.52-1024x1052.jpeg 1024w\" sizes=\"auto, (max-width: 1557px) 100vw, 1557px\" loading=\"lazy\" decoding=\"async\" \/><\/a><\/figure><\/div>\n\n\n\n<div class=\"wp-block-column is-vertically-aligned-center is-layout-flow wp-block-column-is-layout-flow\" style=\"flex-basis:75%\"><h2 class=\"wp-block-post-title\"><a href=\"https:\/\/www.lacalabria.net\/blog\/?p=5403\" target=\"_self\" >Campo estivo 2026<\/a><\/h2><\/div>\n<\/div>\n\n<\/li><li class=\"wp-block-post post-5389 post type-post status-publish format-standard has-post-thumbnail hentry category-servizio-civile-pentone\">\n\n<div class=\"wp-block-columns are-vertically-aligned-center is-layout-flex wp-container-core-columns-is-layout-7387b849 wp-block-columns-is-layout-flex\">\n<div class=\"wp-block-column is-vertically-aligned-center is-layout-flow wp-block-column-is-layout-flow\" style=\"flex-basis:25%\"><figure class=\"wp-block-post-featured-image\"><a href=\"https:\/\/www.lacalabria.net\/blog\/?p=5389\" target=\"_self\" ><img loading=\"lazy\" width=\"923\" height=\"690\" src=\"https:\/\/www.lacalabria.net\/blog\/wp-content\/uploads\/2026\/08\/WhatsApp-Image-2026-08-21-at-10.26.44.jpeg\" class=\"attachment-post-thumbnail size-post-thumbnail wp-post-image\" alt=\"Giornate ecologiche 26 giugno &#8211; 6 luglio 2026\" style=\"object-fit:cover;\" srcset=\"https:\/\/www.lacalabria.net\/blog\/wp-content\/uploads\/2026\/08\/WhatsApp-Image-2026-08-21-at-10.26.44.jpeg 923w, https:\/\/www.lacalabria.net\/blog\/wp-content\/uploads\/2026\/08\/WhatsApp-Image-2026-08-21-at-10.26.44-300x224.jpeg 300w, https:\/\/www.lacalabria.net\/blog\/wp-content\/uploads\/2026\/08\/WhatsApp-Image-2026-08-21-at-10.26.44-200x150.jpeg 200w, https:\/\/www.lacalabria.net\/blog\/wp-content\/uploads\/2026\/08\/WhatsApp-Image-2026-08-21-at-10.26.44-768x574.jpeg 768w\" sizes=\"auto, (max-width: 923px) 100vw, 923px\" loading=\"lazy\" decoding=\"async\" \/><\/a><\/figure><\/div>\n\n\n\n<div class=\"wp-block-column is-vertically-aligned-center is-layout-flow wp-block-column-is-layout-flow\" style=\"flex-basis:75%\"><h2 class=\"wp-block-post-title\"><a href=\"https:\/\/www.lacalabria.net\/blog\/?p=5389\" target=\"_self\" >Giornate ecologiche 26 giugno &#8211; 6 luglio 2026<\/a><\/h2><\/div>\n<\/div>\n\n<\/li><li class=\"wp-block-post post-5349 post type-post status-publish format-standard has-post-thumbnail hentry category-servizio-civile-pentone\">\n\n<div class=\"wp-block-columns are-vertically-aligned-center is-layout-flex wp-container-core-columns-is-layout-7387b849 wp-block-columns-is-layout-flex\">\n<div class=\"wp-block-column is-vertically-aligned-center is-layout-flow wp-block-column-is-layout-flow\" style=\"flex-basis:25%\"><figure class=\"wp-block-post-featured-image\"><a href=\"https:\/\/www.lacalabria.net\/blog\/?p=5349\" target=\"_self\" ><img loading=\"lazy\" width=\"1200\" height=\"1600\" src=\"https:\/\/www.lacalabria.net\/blog\/wp-content\/uploads\/2026\/08\/WhatsApp-Image-2026-08-19-at-09.54.41.jpeg\" class=\"attachment-post-thumbnail size-post-thumbnail wp-post-image\" alt=\"Giornata della Biodiversit\u00e0 22 maggio 2026\" style=\"object-fit:cover;\" srcset=\"https:\/\/www.lacalabria.net\/blog\/wp-content\/uploads\/2026\/08\/WhatsApp-Image-2026-08-19-at-09.54.41.jpeg 1200w, https:\/\/www.lacalabria.net\/blog\/wp-content\/uploads\/2026\/08\/WhatsApp-Image-2026-08-19-at-09.54.41-225x300.jpeg 225w, https:\/\/www.lacalabria.net\/blog\/wp-content\/uploads\/2026\/08\/WhatsApp-Image-2026-08-19-at-09.54.41-768x1024.jpeg 768w, https:\/\/www.lacalabria.net\/blog\/wp-content\/uploads\/2026\/08\/WhatsApp-Image-2026-08-19-at-09.54.41-1152x1536.jpeg 1152w, https:\/\/www.lacalabria.net\/blog\/wp-content\/uploads\/2026\/08\/WhatsApp-Image-2026-08-19-at-09.54.41-200x267.jpeg 200w, https:\/\/www.lacalabria.net\/blog\/wp-content\/uploads\/2026\/08\/WhatsApp-Image-2026-08-19-at-09.54.41-1024x1365.jpeg 1024w\" sizes=\"auto, (max-width: 1200px) 100vw, 1200px\" loading=\"lazy\" decoding=\"async\" \/><\/a><\/figure><\/div>\n\n\n\n<div class=\"wp-block-column is-vertically-aligned-center is-layout-flow wp-block-column-is-layout-flow\" style=\"flex-basis:75%\"><h2 class=\"wp-block-post-title\"><a href=\"https:\/\/www.lacalabria.net\/blog\/?p=5349\" target=\"_self\" >Giornata della Biodiversit\u00e0 22 maggio 2026<\/a><\/h2><\/div>\n<\/div>\n\n<\/li><\/ul><\/div>\n","protected":false},"excerpt":{"rendered":"<p>Benvenuti sulla nostra pagina! Siamo i volontari del Servizio Civile<\/p>\n","protected":false},"author":14,"featured_media":5376,"parent":0,"menu_order":0,"comment_status":"closed","ping_status":"closed","template":"","meta":{"footnotes":""},"class_list":["post-5362","page","type-page","status-publish","has-post-thumbnail","hentry"],"_links":{"self":[{"href":"https:\/\/www.lacalabria.net\/blog\/index.php?rest_route=\/wp\/v2\/pages\/5362","targetHints":{"allow":["GET"]}}],"collection":[{"href":"https:\/\/www.lacalabria.net\/blog\/index.php?rest_route=\/wp\/v2\/pages"}],"about":[{"href":"https:\/\/www.lacalabria.net\/blog\/index.php?rest_route=\/wp\/v2\/types\/page"}],"author":[{"embeddable":true,"href":"https:\/\/www.lacalabria.net\/blog\/index.php?rest_route=\/wp\/v2\/users\/14"}],"replies":[{"embeddable":true,"href":"https:\/\/www.lacalabria.net\/blog\/index.php?rest_route=%2Fwp%2Fv2%2Fcomments&post=5362"}],"version-history":[{"count":8,"href":"https:\/\/www.lacalabria.net\/blog\/index.php?rest_route=\/wp\/v2\/pages\/5362\/revisions"}],"predecessor-version":[{"id":5386,"href":"https:\/\/www.lacalabria.net\/blog\/index.php?rest_route=\/wp\/v2\/pages\/5362\/revisions\/5386"}],"wp:featuredmedia":[{"embeddable":true,"href":"https:\/\/www.lacalabria.net\/blog\/index.php?rest_route=\/wp\/v2\/media\/5376"}],"wp:attachment":[{"href":"https:\/\/www.lacalabria.net\/blog\/index.php?rest_route=%2Fwp%2Fv2%2Fmedia&parent=5362"}],"curies":[{"name":"wp","href":"https:\/\/api.w.org\/{rel}","templated":true}]}}

<p>Benvenuti sulla nostra pagina!</p>
<p style="text-align: justify;">Siamo i volontari del Servizio Civile Ambientale di Pentone per l&#8217;anno 2025/2026. Attraverso questa pagina potrete scoprire il nostro lavoro e le nostre attività legate alla salvaguardia ambientale, alla legalità, alla solidarietà e all&#8217;informazione pubblica</p>
<p>&nbsp;</p>
<p>Siamo Alessia, Anna Rita, Domenica, Sara e Vincenzo e vi diamo il benvenuto</p>


<p class="wp-block-paragraph"></p>



<div class="wp-block-query is-layout-flow wp-block-query-is-layout-flow"><ul class="wp-block-post-template is-layout-flow wp-block-post-template-is-layout-flow"><li class="wp-block-post post-5403 post type-post status-publish format-standard has-post-thumbnail hentry category-servizio-civile-pentone">

<div class="wp-block-columns are-vertically-aligned-center is-layout-flex wp-container-core-columns-is-layout-7387b849 wp-block-columns-is-layout-flex">
<div class="wp-block-column is-vertically-aligned-center is-layout-flow wp-block-column-is-layout-flow" style="flex-basis:25%"><figure class="wp-block-post-featured-image"><a href="https://www.lacalabria.net/blog/?p=5403" target="_self" ><img loading="lazy" width="1557" height="1600" src="https://www.lacalabria.net/blog/wp-content/uploads/2026/08/WhatsApp-Image-2026-08-24-at-09.51.52.jpeg" class="attachment-post-thumbnail size-post-thumbnail wp-post-image" alt="Campo estivo 2026" style="object-fit:cover;" srcset="https://www.lacalabria.net/blog/wp-content/uploads/2026/08/WhatsApp-Image-2026-08-24-at-09.51.52.jpeg 1557w, https://www.lacalabria.net/blog/wp-content/uploads/2026/08/WhatsApp-Image-2026-08-24-at-09.51.52-292x300.jpeg 292w, https://www.lacalabria.net/blog/wp-content/uploads/2026/08/WhatsApp-Image-2026-08-24-at-09.51.52-996x1024.jpeg 996w, https://www.lacalabria.net/blog/wp-content/uploads/2026/08/WhatsApp-Image-2026-08-24-at-09.51.52-768x789.jpeg 768w, https://www.lacalabria.net/blog/wp-content/uploads/2026/08/WhatsApp-Image-2026-08-24-at-09.51.52-1495x1536.jpeg 1495w, https://www.lacalabria.net/blog/wp-content/uploads/2026/08/WhatsApp-Image-2026-08-24-at-09.51.52-200x206.jpeg 200w, https://www.lacalabria.net/blog/wp-content/uploads/2026/08/WhatsApp-Image-2026-08-24-at-09.51.52-1024x1052.jpeg 1024w" sizes="auto, (max-width: 1557px) 100vw, 1557px" loading="lazy" decoding="async" /></a></figure></div>



<div class="wp-block-column is-vertically-aligned-center is-layout-flow wp-block-column-is-layout-flow" style="flex-basis:75%"><h2 class="wp-block-post-title"><a href="https://www.lacalabria.net/blog/?p=5403" target="_self" >Campo estivo 2026</a></h2></div>
</div>

</li><li class="wp-block-post post-5389 post type-post status-publish format-standard has-post-thumbnail hentry category-servizio-civile-pentone">

<div class="wp-block-columns are-vertically-aligned-center is-layout-flex wp-container-core-columns-is-layout-7387b849 wp-block-columns-is-layout-flex">
<div class="wp-block-column is-vertically-aligned-center is-layout-flow wp-block-column-is-layout-flow" style="flex-basis:25%"><figure class="wp-block-post-featured-image"><a href="https://www.lacalabria.net/blog/?p=5389" target="_self" ><img loading="lazy" width="923" height="690" src="https://www.lacalabria.net/blog/wp-content/uploads/2026/08/WhatsApp-Image-2026-08-21-at-10.26.44.jpeg" class="attachment-post-thumbnail size-post-thumbnail wp-post-image" alt="Giornate ecologiche 26 giugno &#8211; 6 luglio 2026" style="object-fit:cover;" srcset="https://www.lacalabria.net/blog/wp-content/uploads/2026/08/WhatsApp-Image-2026-08-21-at-10.26.44.jpeg 923w, https://www.lacalabria.net/blog/wp-content/uploads/2026/08/WhatsApp-Image-2026-08-21-at-10.26.44-300x224.jpeg 300w, https://www.lacalabria.net/blog/wp-content/uploads/2026/08/WhatsApp-Image-2026-08-21-at-10.26.44-200x150.jpeg 200w, https://www.lacalabria.net/blog/wp-content/uploads/2026/08/WhatsApp-Image-2026-08-21-at-10.26.44-768x574.jpeg 768w" sizes="auto, (max-width: 923px) 100vw, 923px" loading="lazy" decoding="async" /></a></figure></div>



<div class="wp-block-column is-vertically-aligned-center is-layout-flow wp-block-column-is-layout-flow" style="flex-basis:75%"><h2 class="wp-block-post-title"><a href="https://www.lacalabria.net/blog/?p=5389" target="_self" >Giornate ecologiche 26 giugno &#8211; 6 luglio 2026</a></h2></div>
</div>

</li><li class="wp-block-post post-5349 post type-post status-publish format-standard has-post-thumbnail hentry category-servizio-civile-pentone">

<div class="wp-block-columns are-vertically-aligned-center is-layout-flex wp-container-core-columns-is-layout-7387b849 wp-block-columns-is-layout-flex">
<div class="wp-block-column is-vertically-aligned-center is-layout-flow wp-block-column-is-layout-flow" style="flex-basis:25%"><figure class="wp-block-post-featured-image"><a href="https://www.lacalabria.net/blog/?p=5349" target="_self" ><img loading="lazy" width="1200" height="1600" src="https://www.lacalabria.net/blog/wp-content/uploads/2026/08/WhatsApp-Image-2026-08-19-at-09.54.41.jpeg" class="attachment-post-thumbnail size-post-thumbnail wp-post-image" alt="Giornata della Biodiversità 22 maggio 2026" style="object-fit:cover;" srcset="https://www.lacalabria.net/blog/wp-content/uploads/2026/08/WhatsApp-Image-2026-08-19-at-09.54.41.jpeg 1200w, https://www.lacalabria.net/blog/wp-content/uploads/2026/08/WhatsApp-Image-2026-08-19-at-09.54.41-225x300.jpeg 225w, https://www.lacalabria.net/blog/wp-content/uploads/2026/08/WhatsApp-Image-2026-08-19-at-09.54.41-768x1024.jpeg 768w, https://www.lacalabria.net/blog/wp-content/uploads/2026/08/WhatsApp-Image-2026-08-19-at-09.54.41-1152x1536.jpeg 1152w, https://www.lacalabria.net/blog/wp-content/uploads/2026/08/WhatsApp-Image-2026-08-19-at-09.54.41-200x267.jpeg 200w, https://www.lacalabria.net/blog/wp-content/uploads/2026/08/WhatsApp-Image-2026-08-19-at-09.54.41-1024x1365.jpeg 1024w" sizes="auto, (max-width: 1200px) 100vw, 1200px" loading="lazy" decoding="async" /></a></figure></div>



<div class="wp-block-column is-vertically-aligned-center is-layout-flow wp-block-column-is-layout-flow" style="flex-basis:75%"><h2 class="wp-block-post-title"><a href="https://www.lacalabria.net/blog/?p=5349" target="_self" >Giornata della Biodiversità 22 maggio 2026</a></h2></div>
</div>

</li></ul></div>
